t is the remainder when 303 is divided by 19?
18
What is the remainder when 646 is divided by 108?
106
Calculate the remainder when 258 is divided by 20.
18
What is the remainder when 1468 is divided by 147?
145
What is the remainder when 5123 is divided by 183?
182
What is the remainder when 95 is divided by 3?
2
What is the remainder when 370 is divided by 33?
7
What is the remainder when 899 is divided by 442?
15
What is the remainder when 299 is divided by 160?
139
What is the remainder when 270 is divided by 62?
22
What is the remainder when 2271 is divided by 49?
17
What is the remainder when 8319 is divided by 29?
25
Calculate the remainder when 53 is divided by 36.
17
Calculate the remainder when 296 is divided by 262.
34
Calculate the remainder when 122 is divided by 31.
29
What is the remainder when 1031 is divided by 272?
215
What is the remainder when 12951 is divided by 31?
24
Calculate the remainder when 2215 is divided by 116.
11
Calculate the remainder when 431 is divided by 109.
104
Calculate the remainder when 296 is divided by 33.
32
Calculate the remainder when 256 is divided by 38.
28
What is the remainder when 39 is divided by 8?
7
Calculate the remainder when 578 is divided by 83.
80
What is the remainder when 742 is divided by 5?
2
Calculate the remainder when 95 is divided by 20.
15
What is the remainder when 55 is divided by 8?
7
Calculate the remainder when 527 is divided by 23.
21
What is the remainder when 75 is divided by 34?
7
Calculate the remainder when 185 is divided by 55.
20
Calculate the remainder when 1050 is divided by 24.
18
What is the remainder when 47 is divided by 14?
5
Calculate the remainder when 128 is divided by 34.
26
What is the remainder when 237 is divided by 231?
6
Calculate the remainder when 139 is divided by 100.
39
What is the remainder when 15868 is divided by 7?
6
What is the remainder when 293 is divided by 49?
48
What is the remainder when 4666 is divided by 27?
22
Calculate the remainder when 243 is divided by 20.
3
What is the remainder when 1657 is divided by 166?
163
What is the remainder when 2156 is divided by 108?
104
Calculate the remainder when 247 is divided by 25.
22
Calculate the remainder when 82 is divided by 29.
24
What is the remainder when 306 is divided by 147?
12
What is the remainder when 1379 is divided by 23?
22
Calculate the remainder when 358 is divided by 133.
92
Calculate the remainder when 989 is divided by 9.
8
What is the remainder when 47 is divided by 7?
5
Calculate the remainder when 1118 is divided by 351.
65
Calculate the remainder when 36 is divided by 22.
14
Calculate the remainder when 39 is divided by 33.
6
What is the remainder when 357 is divided by 65?
32
Calculate the remainder when 650 is divided by 183.
101
Calculate the remainder when 473 is divided by 33.
11
Calculate the remainder when 84 is divided by 23.
15
What is the remainder when 484 is divided by 295?
189
What is the remainder when 16351 is divided by 74?
71
What is the remainder when 370 is divided by 15?
10
What is the remainder when 278 is divided by 44?
14
Calculate the remainder when 336 is divided by 160.
16
What is the remainder when 3066 is divided by 128?
122
What is the remainder when 619 is divided by 45?
34
What is the remainder when 391 is divided by 37?
21
Calculate the remainder when 152 is divided by 36.
8
What is the remainder when 3328 is divided by 12?
4
What is the remainder when 167 is divided by 34?
31
What is the remainder when 169 is divided by 28?
1
Calculate the remainder when 856 is divided by 26.
24
Calculate the remainder when 1402 is divided by 61.
60
Calculate the remainder when 898 is divided by 841.
57
What is the remainder when 359 is divided by 114?
17
Calculate the remainder when 92 is divided by 23.
0
Calculate the remainder when 86 is divided by 20.
6
What is the remainder when 30267 is divided by 47?
46
What is the remainder when 640 is divided by 264?
112
Calculate the remainder when 16860 is divided by 2810.
0
What is the remainder when 12567 is divided by 127?
121
Calculate the remainder when 205 is divided by 52.
49
What is the remainder when 235 is divided by 71?
22
Calculate the remainder when 680 is divided by 12.
8
What is the remainder when 260 is divided by 50?
10
Calculate the remainder when 575 is divided by 172.
59
What is the remainder when 3121 is divided by 22?
19
What is the remainder when 765 is divided by 8?
5
What is the remainder when 165 is divided by 14?
11
What is the remainder when 285 is divided by 71?
1
Calculate the remainder when 386 is divided by 31.
14
Calculate the remainder when 1048 is divided by 33.
25
What is the remainder when 4697 is divided by 50?
47
Calculate the remainder when 2466 is divided by 13.
9
Calculate the remainder when 35 is divided by 15.
5
Calculate the remainder when 526 is divided by 81.
40
Calculate the remainder when 482 is divided by 23.
22
What is the remainder when 687 is divided by 51?
24
What is the remainder when 487 is divided by 290?
197
Calculate the remainder when 123 is divided by 52.
19
Calculate the remainder when 110 is divided by 40.
30
What is the remainder when 191 is divided by 56?
23
What is the remainder when 432 is divided by 31?
29
What is the remainder when 220 is divided by 2?
0
What is the remainder when 733 is divided by 126?
103
Calculate the remainder when 275 is divided by 40.
35
What is the remainder when 203 is divided by 65?
8
Calculate the remainder when 1257 is divided by 34.
33
Calculate the remainder when 866 is divided by 110.
96
What is the remainder when 319 is divided by 167?
152
What is the remainder when 16421 is divided by 102?
101
Calculate the remainder when 59 is divided by 3.
2
What is the remainder when 167 is divided by 88?
79
What is the remainder when 387 is divided by 96?
3
Calculate the remainder when 42 is divided by 30.
12
Calculate the remainder when 74 is divided by 29.
16
What is the remainder when 39 is divided by 34?
5
Calculate the remainder when 9 is divided by 4.
1
What is the remainder when 981 is divided by 141?
135
Calculate the remainder when 143 is divided by 15.
8
Calculate the remainder when 3630 is divided by 24.
6
What is the remainder when 82 is divided by 12?
10
What is the remainder when 2983 is divided by 113?
45
What is the remainder when 953 is divided by 26?
17
Calculate the remainder when 608 is divided by 35.
13
What is the remainder when 168 is divided by 124?
44
Calculate the remainder when 131 is divided by 7.
5
What is the remainder when 263 is divided by 46?
33
Calculate the remainder when 556 is divided by 43.
40
What is the remainder when 304 is divided by 14?
10
What is the remainder when 14 is divided by 9?
5
What is the remainder when 838 is divided by 6?
4
What is the remainder when 1155 is divided by 107?
85
Calculate the remainder when 803 is divided by 28.
19
What is the remainder when 155 is divided by 6?
5
What is the remainder when 106 is divided by 28?
22
Calculate the remainder when 341 is divided by 27.
17
What is the remainder when 12053 is divided by 82?
81
What is the remainder when 53 is divided by 16?
5
What is the remainder when 172 is divided by 30?
22
What is the remainder when 501 is divided by 124?
5
What is the remainder when 233 is divided by 207?
26
What is the remainder when 246 is divided by 103?
40
What is the remainder when 393 is divided by 96?
9
What is the remainder when 720 is divided by 247?
226
Calculate the remainder when 237 is divided by 27.
21
Calculate the remainder when 130 is divided by 56.
18
What is the remainder when 6071 is divided by 404?
11
What is the remainder when 188 is divided by 14?
6
Calculate the remainder when 5570 is divided by 38.
22
Calculate the remainder when 1021 is divided by 16.
13
What is the remainder when 117 is divided by 33?
18
What is the remainder when 4303 is divided by 35?
33
What is the remainder when 121 is divided by 28?
9
What is the remainder when 9678 is divided by 40?
38
What is the remainder when 357 is divided by 117?
6
What is the remainder when 12 is divided by 6?
0
What is the remainder when 5 is divided by 2?
1
What is the remainder when 75 is divided by 6?
3
What is the remainder when 578 is divided by 304?